{"id":397,"date":"2014-04-02T15:05:18","date_gmt":"2014-04-02T12:05:18","guid":{"rendered":"http:\/\/www.ottochips.com\/?page_id=397"},"modified":"2014-05-14T20:54:00","modified_gmt":"2014-05-14T17:54:00","slug":"citroen-ticari","status":"publish","type":"page","link":"http:\/\/www.ottochips.com\/?page_id=397","title":{"rendered":"Citroen (T\u0130cari)"},"content":{"rendered":"<table width=\"684\" border=\"1\" cellspacing=\"0\" cellpadding=\"0\">\n<tbody>\n<tr>\n<td valign=\"top\" width=\"120\"><strong>Motor<\/strong><\/td>\n<td valign=\"top\" width=\"564\"><strong>Yaz\u0131l\u0131m \u00d6ncesi<\/strong><\/td>\n<td valign=\"top\" width=\"108\"><strong>Yak\u0131t<\/strong><\/td>\n<td valign=\"top\" width=\"132\"><strong>Yaz\u0131l\u0131m Sonras\u0131<br \/>\n<\/strong><\/td>\n<td valign=\"top\" width=\"84\"><strong>+ NM <\/strong><\/td>\n<td valign=\"top\" width=\"96\"><strong>Fiyat<\/strong><\/td>\n<\/tr>\n<tr>\n<td colspan=\"6\" valign=\"top\"><img loading=\"lazy\" class=\"alignnone\" alt=\"\" src=\"http:\/\/www.autoplenum.de\/Bilder\/P\/p0014996\/CITROEN\/CITROEN-Berlingo-800-1-6-HDi-90--2006-2008-.jpg\" width=\"82\" height=\"56\" \/>\u00a0\u00a0 Berlingo I \/ II (1996-2008)<\/td>\n<\/tr>\n<tr>\n<td valign=\"top\" width=\"120\">1.1<\/td>\n<td valign=\"top\" width=\"564\">60 PS \/ 44 KW<\/td>\n<td valign=\"top\" width=\"108\">Benzin<\/td>\n<td valign=\"top\" width=\"132\">67 PS \/ 49 KW<\/td>\n<td valign=\"top\" width=\"84\">+10 NM<\/td>\n<td valign=\"top\" width=\"96\"><\/td>\n<\/tr>\n<tr>\n<td valign=\"top\" width=\"120\">1.4 Bivalent<\/td>\n<td valign=\"top\" width=\"564\">68 PS \/ 50 KW<\/td>\n<td valign=\"top\" width=\"108\">Benzin<\/td>\n<td valign=\"top\" width=\"132\">75 PS \/ 55 KW<\/td>\n<td valign=\"top\" width=\"84\">+14 NM<\/td>\n<td valign=\"top\" width=\"96\"><\/td>\n<\/tr>\n<tr>\n<td valign=\"top\" width=\"120\">1.4<\/td>\n<td valign=\"top\" width=\"564\">75 PS \/ 55 KW<\/td>\n<td valign=\"top\" width=\"108\">Benzin<\/td>\n<td valign=\"top\" width=\"132\">84 PS \/ 62 KW<\/td>\n<td valign=\"top\" width=\"84\">+11 NM<\/td>\n<td valign=\"top\" width=\"96\"><\/td>\n<\/tr>\n<tr>\n<td valign=\"top\" width=\"120\">1.6 16V<\/td>\n<td valign=\"top\" width=\"564\">109 PS \/ 80 KW<\/td>\n<td valign=\"top\" width=\"108\">Benzin<\/td>\n<td valign=\"top\" width=\"132\">120 PS \/ 88 KW<\/td>\n<td valign=\"top\" width=\"84\">+13 NM<\/td>\n<td valign=\"top\" width=\"96\"><\/td>\n<\/tr>\n<tr>\n<td valign=\"top\" width=\"120\">1.6 HDI<\/td>\n<td valign=\"top\" width=\"564\">75 PS \/ 55 KW<\/td>\n<td valign=\"top\" width=\"108\">Diesel<\/td>\n<td valign=\"top\" width=\"132\">99 PS \/ 73 KW<\/td>\n<td valign=\"top\" width=\"84\">+55 NM<\/td>\n<td valign=\"top\" width=\"96\"><\/td>\n<\/tr>\n<tr>\n<td valign=\"top\" width=\"120\">1.6 HDI<\/td>\n<td valign=\"top\" width=\"564\">90 PS \/ 66 KW<\/td>\n<td valign=\"top\" width=\"108\">Diesel<\/td>\n<td valign=\"top\" width=\"132\">110 PS \/ 81 KW<\/td>\n<td valign=\"top\" width=\"84\">+50 NM<\/td>\n<td valign=\"top\" width=\"96\"><\/td>\n<\/tr>\n<tr>\n<td valign=\"top\" width=\"120\">1.9 D<\/td>\n<td valign=\"top\" width=\"564\">70 PS \/ 51 KW<\/td>\n<td valign=\"top\" width=\"108\">Diesel<\/td>\n<td valign=\"top\" width=\"132\">79 PS \/ 58 KW<\/td>\n<td valign=\"top\" width=\"84\">+25 NM<\/td>\n<td valign=\"top\" width=\"96\"><\/td>\n<\/tr>\n<tr>\n<td valign=\"top\" width=\"120\">2.0 HDI<\/td>\n<td valign=\"top\" width=\"564\">90 PS \/ 66 KW<\/td>\n<td valign=\"top\" width=\"108\">Diesel<\/td>\n<td valign=\"top\" width=\"132\">115 PS \/ 85 KW<\/td>\n<td valign=\"top\" width=\"84\">+68 NM<\/td>\n<td valign=\"top\" width=\"96\"><\/td>\n<\/tr>\n<tr>\n<td colspan=\"6\" valign=\"top\"><img loading=\"lazy\" class=\"alignnone\" alt=\"\" src=\"http:\/\/www.citroen.com.tr\/Resources\/Content\/TR\/01_vehicules\/02_utilitaires\/05_jumper_vu\/vehicule_jumper_vu_popin_01.jpg\" width=\"84\" height=\"48\" \/>\u00a0\u00a0 Jumper I-II-III<\/td>\n<\/tr>\n<tr>\n<td valign=\"top\" width=\"120\">2.0 HDI<\/td>\n<td valign=\"top\" width=\"564\">84 PS \/ 62 KW<\/td>\n<td valign=\"top\" width=\"108\">Diesel<\/td>\n<td valign=\"top\" width=\"132\">110 PS \/ 81 KW<\/td>\n<td valign=\"top\" width=\"84\">+68 NM<\/td>\n<td valign=\"top\" width=\"96\"><\/td>\n<\/tr>\n<tr>\n<td valign=\"top\" width=\"120\">2.2 HDI<\/td>\n<td valign=\"top\" width=\"564\">100 PS \/ 74 KW<\/td>\n<td valign=\"top\" width=\"108\">Diesel<\/td>\n<td valign=\"top\" width=\"132\">136 PS \/ 100 KW<\/td>\n<td valign=\"top\" width=\"84\">+70 NM<\/td>\n<td valign=\"top\" width=\"96\"><\/td>\n<\/tr>\n<tr>\n<td valign=\"top\" width=\"120\">2.2 HDI<\/td>\n<td valign=\"top\" width=\"564\">120 PS \/ 88 KW<\/td>\n<td valign=\"top\" width=\"108\">Diesel<\/td>\n<td valign=\"top\" width=\"132\">150 PS \/ 110 KW<\/td>\n<td valign=\"top\" width=\"84\">+65 NM<\/td>\n<td valign=\"top\" width=\"96\"><\/td>\n<\/tr>\n<tr>\n<td valign=\"top\" width=\"120\">2.8 HDI<\/td>\n<td valign=\"top\" width=\"564\">128 PS \/ 94 KW<\/td>\n<td valign=\"top\" width=\"108\">Diesel<\/td>\n<td valign=\"top\" width=\"132\">158 PS \/ 116 KW<\/td>\n<td valign=\"top\" width=\"84\">+70 NM<\/td>\n<td valign=\"top\" width=\"96\"><\/td>\n<\/tr>\n<tr>\n<td valign=\"top\" width=\"120\">2.8 HDI<\/td>\n<td valign=\"top\" width=\"564\">146 PS \/ 107 KW<\/td>\n<td valign=\"top\" width=\"108\">Diesel<\/td>\n<td valign=\"top\" width=\"132\">178 PS \/ 131 KW<\/td>\n<td valign=\"top\" width=\"84\">+63 NM<\/td>\n<td valign=\"top\" width=\"96\"><\/td>\n<\/tr>\n<tr>\n<td valign=\"top\" width=\"120\">3.0 HDI<\/td>\n<td valign=\"top\" width=\"564\">157 PS \/ 115 KW<\/td>\n<td valign=\"top\" width=\"108\">Diesel<\/td>\n<td valign=\"top\" width=\"132\">185 PS \/ 136 KW<\/td>\n<td valign=\"top\" width=\"84\">+65 NM<\/td>\n<td valign=\"top\" width=\"96\"><\/td>\n<\/tr>\n<tr>\n<td colspan=\"6\" valign=\"top\"><img loading=\"lazy\" class=\"alignnone\" alt=\"\" src=\"http:\/\/www.trendmodeller.com\/wp-content\/uploads\/2012\/03\/2012-Model-Citroen-Jumpy-1.jpg\" width=\"85\" height=\"64\" \/>\u00a0\u00a0 Jumpy<\/td>\n<\/tr>\n<tr>\n<td valign=\"top\" width=\"120\">1.6 HDI<\/td>\n<td valign=\"top\" width=\"564\">90 PS \/ 66 KW<\/td>\n<td valign=\"top\" width=\"108\">Diesel<\/td>\n<td valign=\"top\" width=\"132\">110 PS \/ 81 KW<\/td>\n<td valign=\"top\" width=\"84\">+50 NM<\/td>\n<td valign=\"top\" width=\"96\"><\/td>\n<\/tr>\n<tr>\n<td valign=\"top\" width=\"120\">1.9 D<\/td>\n<td valign=\"top\" width=\"564\">70 PS \/ 51 KW<\/td>\n<td valign=\"top\" width=\"108\">Diesel<\/td>\n<td valign=\"top\" width=\"132\">79 PS \/ 58 KW<\/td>\n<td valign=\"top\" width=\"84\">+25 NM<\/td>\n<td valign=\"top\" width=\"96\"><\/td>\n<\/tr>\n<tr>\n<td valign=\"top\" width=\"120\">2.0 HDI<\/td>\n<td valign=\"top\" width=\"564\">94 PS \/ 69 KW<\/td>\n<td valign=\"top\" width=\"108\">Diesel<\/td>\n<td valign=\"top\" width=\"132\">129 PS \/ 95 KW<\/td>\n<td valign=\"top\" width=\"84\">+80 NM<\/td>\n<td valign=\"top\" width=\"96\"><\/td>\n<\/tr>\n<tr>\n<td valign=\"top\" width=\"120\">2.0 HDI<\/td>\n<td valign=\"top\" width=\"564\">109 PS \/ 80 KW<\/td>\n<td valign=\"top\" width=\"108\">Diesel<\/td>\n<td valign=\"top\" width=\"132\">146 PS \/ 107 KW<\/td>\n<td valign=\"top\" width=\"84\">+75 NM<\/td>\n<td valign=\"top\" width=\"96\"><\/td>\n<\/tr>\n<tr>\n<td valign=\"top\" width=\"120\">2.0 HDI<\/td>\n<td valign=\"top\" width=\"564\">120 PS \/ 88 KW<\/td>\n<td valign=\"top\" width=\"108\">Diesel<\/td>\n<td valign=\"top\" width=\"132\">150 PS \/ 110 KW<\/td>\n<td valign=\"top\" width=\"84\">+65 NM<\/td>\n<td valign=\"top\" width=\"96\"><\/td>\n<\/tr>\n<tr>\n<td valign=\"top\" width=\"120\">2.0 HDI<\/td>\n<td valign=\"top\" width=\"564\">136 PS \/ 100 KW<\/td>\n<td valign=\"top\" width=\"108\">Diesel<\/td>\n<td valign=\"top\" width=\"132\">166 PS \/ 122 KW<\/td>\n<td valign=\"top\" width=\"84\">+66 NM<\/td>\n<td valign=\"top\" width=\"96\"><\/td>\n<\/tr>\n<tr>\n<td valign=\"top\" width=\"120\">2.0 16V<\/td>\n<td valign=\"top\" width=\"564\">136 PS \/ 100 KW<\/td>\n<td valign=\"top\" width=\"108\">Benzin<\/td>\n<td valign=\"top\" width=\"132\">149 PS \/ 109 KW<\/td>\n<td valign=\"top\" width=\"84\">+15 NM<\/td>\n<td valign=\"top\" width=\"96\"><\/td>\n<\/tr>\n<\/tbody>\n<\/table>\n","protected":false},"excerpt":{"rendered":"<p>Motor Yaz\u0131l\u0131m \u00d6ncesi Yak\u0131t Yaz\u0131l\u0131m Sonras\u0131 + NM Fiyat \u00a0\u00a0 Berlingo I \/ II (1996-2008) 1.1 60 PS \/ 44 KW Benzin 67 PS \/ 49 KW +10 NM 1.4 Bivalent 68 PS \/ 50 KW Benzin 75 PS \/ 55 KW +14 NM 1.4 75 PS \/ 55 KW Benzin 84 PS \/ 62 [&hellip;]<\/p>\n","protected":false},"author":1,"featured_media":0,"parent":0,"menu_order":0,"comment_status":"open","ping_status":"open","template":"","meta":[],"_links":{"self":[{"href":"http:\/\/www.ottochips.com\/index.php?rest_route=\/wp\/v2\/pages\/397"}],"collection":[{"href":"http:\/\/www.ottochips.com\/index.php?rest_route=\/wp\/v2\/pages"}],"about":[{"href":"http:\/\/www.ottochips.com\/index.php?rest_route=\/wp\/v2\/types\/page"}],"author":[{"embeddable":true,"href":"http:\/\/www.ottochips.com\/index.php?rest_route=\/wp\/v2\/users\/1"}],"replies":[{"embeddable":true,"href":"http:\/\/www.ottochips.com\/index.php?rest_route=%2Fwp%2Fv2%2Fcomments&post=397"}],"version-history":[{"count":5,"href":"http:\/\/www.ottochips.com\/index.php?rest_route=\/wp\/v2\/pages\/397\/revisions"}],"predecessor-version":[{"id":525,"href":"http:\/\/www.ottochips.com\/index.php?rest_route=\/wp\/v2\/pages\/397\/revisions\/525"}],"wp:attachment":[{"href":"http:\/\/www.ottochips.com\/index.php?rest_route=%2Fwp%2Fv2%2Fmedia&parent=397"}],"curies":[{"name":"wp","href":"https:\/\/api.w.org\/{rel}","templated":true}]}}