{"id":410,"date":"2014-04-02T15:10:19","date_gmt":"2014-04-02T12:10:19","guid":{"rendered":"http:\/\/www.ottochips.com\/?page_id=410"},"modified":"2014-05-15T12:59:43","modified_gmt":"2014-05-15T09:59:43","slug":"kia-ticari","status":"publish","type":"page","link":"http:\/\/www.ottochips.com\/?page_id=410","title":{"rendered":"Kia (Ticari)"},"content":{"rendered":"<table width=\"585\" border=\"1\" cellspacing=\"0\" cellpadding=\"0\">\n<tbody>\n<tr>\n<td valign=\"top\" width=\"67\"><strong>Motor<\/strong><\/td>\n<td valign=\"top\" width=\"137\"><strong>Yaz\u0131l\u0131m \u00d6ncesi<\/strong><\/td>\n<td valign=\"top\" width=\"108\"><strong>Tork<\/strong><\/td>\n<td valign=\"top\" width=\"120\"><strong>Yaz\u0131l\u0131m Sonras\u0131<\/strong><\/td>\n<td valign=\"top\" width=\"84\"><strong>Tork + NM <\/strong><\/td>\n<td valign=\"top\" width=\"69\"><strong>Fiyat<\/strong><\/td>\n<\/tr>\n<tr>\n<td valign=\"top\" width=\"67\"><strong><img loading=\"lazy\" class=\"alignnone\" alt=\"\" src=\"http:\/\/www.drivesouth.co.nz\/files\/slideshow\/Kia_K2500.jpg\" width=\"96\" height=\"67\" \/>K2500<\/strong><\/td>\n<td valign=\"top\" width=\"137\"><\/td>\n<td valign=\"top\" width=\"108\"><\/td>\n<td valign=\"top\" width=\"120\"><\/td>\n<td valign=\"top\" width=\"84\"><\/td>\n<td valign=\"top\" width=\"69\"><\/td>\n<\/tr>\n<tr>\n<td valign=\"top\" width=\"67\">2.5<\/td>\n<td valign=\"top\" width=\"137\">94 PS \/ 69 KW<\/td>\n<td valign=\"top\" width=\"108\">218 NM<\/td>\n<td valign=\"top\" width=\"120\">126 PS \/ 93 KW<\/td>\n<td valign=\"top\" width=\"84\">+65 NM<\/td>\n<\/tr>\n<\/tbody>\n<\/table>\n","protected":false},"excerpt":{"rendered":"<p>Motor Yaz\u0131l\u0131m \u00d6ncesi Tork Yaz\u0131l\u0131m Sonras\u0131 Tork + NM Fiyat K2500 2.5 94 PS \/ 69 KW 218 NM 126 PS \/ 93 KW +65 NM<\/p>\n","protected":false},"author":1,"featured_media":0,"parent":0,"menu_order":0,"comment_status":"open","ping_status":"open","template":"","meta":[],"_links":{"self":[{"href":"http:\/\/www.ottochips.com\/index.php?rest_route=\/wp\/v2\/pages\/410"}],"collection":[{"href":"http:\/\/www.ottochips.com\/index.php?rest_route=\/wp\/v2\/pages"}],"about":[{"href":"http:\/\/www.ottochips.com\/index.php?rest_route=\/wp\/v2\/types\/page"}],"author":[{"embeddable":true,"href":"http:\/\/www.ottochips.com\/index.php?rest_route=\/wp\/v2\/users\/1"}],"replies":[{"embeddable":true,"href":"http:\/\/www.ottochips.com\/index.php?rest_route=%2Fwp%2Fv2%2Fcomments&post=410"}],"version-history":[{"count":3,"href":"http:\/\/www.ottochips.com\/index.php?rest_route=\/wp\/v2\/pages\/410\/revisions"}],"predecessor-version":[{"id":581,"href":"http:\/\/www.ottochips.com\/index.php?rest_route=\/wp\/v2\/pages\/410\/revisions\/581"}],"wp:attachment":[{"href":"http:\/\/www.ottochips.com\/index.php?rest_route=%2Fwp%2Fv2%2Fmedia&parent=410"}],"curies":[{"name":"wp","href":"https:\/\/api.w.org\/{rel}","templated":true}]}}