{"id":437,"date":"2014-04-02T15:18:28","date_gmt":"2014-04-02T12:18:28","guid":{"rendered":"http:\/\/www.ottochips.com\/?page_id=437"},"modified":"2014-05-15T12:48:46","modified_gmt":"2014-05-15T09:48:47","slug":"iveco-ticari","status":"publish","type":"page","link":"http:\/\/www.ottochips.com\/?page_id=437","title":{"rendered":"\u0130veco (Ticari)"},"content":{"rendered":"<table width=\"648\" border=\"1\" cellspacing=\"0\" cellpadding=\"0\">\n<tbody>\n<tr>\n<td valign=\"top\" width=\"120\"><strong>Motor<\/strong><\/td>\n<td valign=\"top\" width=\"144\"><strong>Yaz\u0131l\u0131m \u00d6ncesi<\/strong><\/td>\n<td valign=\"top\" width=\"108\"><strong>Tork NM<\/strong><\/td>\n<td valign=\"top\" width=\"132\"><strong>Yaz\u0131l\u0131m Sonras\u0131<br \/>\n<\/strong><\/td>\n<td valign=\"top\" width=\"84\"><strong>Tork+ NM <\/strong><\/td>\n<td valign=\"top\" width=\"60\"><strong>Fiyat<\/strong><\/td>\n<\/tr>\n<tr>\n<td valign=\"top\" width=\"120\"><img loading=\"lazy\" class=\"alignnone\" alt=\"\" src=\"https:\/\/encrypted-tbn1.gstatic.com\/images?q=tbn:ANd9GcQXOcjt7DZlC_zHm1U6B8oVyvIg4-1uy-NqmzhIrnSVYFkvuE1P\" width=\"131\" height=\"91\" \/><strong>Daily<\/strong><\/td>\n<td valign=\"top\" width=\"144\"><\/td>\n<td valign=\"top\" width=\"108\"><\/td>\n<td valign=\"top\" width=\"132\"><\/td>\n<td valign=\"top\" width=\"84\"><\/td>\n<td valign=\"top\" width=\"60\"><\/td>\n<\/tr>\n<tr>\n<td valign=\"top\" width=\"120\">2.3 HPI<\/td>\n<td valign=\"top\" width=\"144\">96 PS \/ 70 KW<\/td>\n<td valign=\"top\" width=\"108\">240 NM<\/td>\n<td valign=\"top\" width=\"132\">130 PS \/ 96 KW<\/td>\n<td valign=\"top\" width=\"84\">+70 NM<\/td>\n<td valign=\"top\" width=\"60\"><\/td>\n<\/tr>\n<tr>\n<td valign=\"top\" width=\"120\">2.3 HPI<\/td>\n<td valign=\"top\" width=\"144\">116 PS \/ 85 KW<\/td>\n<td valign=\"top\" width=\"108\">270 NM<\/td>\n<td valign=\"top\" width=\"132\">140 PS \/ 103 KW<\/td>\n<td valign=\"top\" width=\"84\">+65 NM<\/td>\n<td valign=\"top\" width=\"60\"><\/td>\n<\/tr>\n<tr>\n<td valign=\"top\" width=\"120\">2.3 HPT<\/td>\n<td valign=\"top\" width=\"144\">136 PS \/100 KW<\/td>\n<td valign=\"top\" width=\"108\">320 NM<\/td>\n<td valign=\"top\" width=\"132\">166 PS \/ 122 KW<\/td>\n<td valign=\"top\" width=\"84\">+60 NM<\/td>\n<td valign=\"top\" width=\"60\"><\/td>\n<\/tr>\n<tr>\n<td valign=\"top\" width=\"120\">3.0 HPT<\/td>\n<td valign=\"top\" width=\"144\">146 PS \/ 107 KW<\/td>\n<td valign=\"top\" width=\"108\">350 NM<\/td>\n<td valign=\"top\" width=\"132\">176 PS \/ 129 KW<\/td>\n<td valign=\"top\" width=\"84\">+70 NM<\/td>\n<td valign=\"top\" width=\"60\"><\/td>\n<\/tr>\n<tr>\n<td valign=\"top\" width=\"120\">3.0 HPT<\/td>\n<td valign=\"top\" width=\"144\">176 PS \/ 130 KW<\/td>\n<td valign=\"top\" width=\"108\">400 NM<\/td>\n<td valign=\"top\" width=\"132\">200 PS \/ 147 KW<\/td>\n<td valign=\"top\" width=\"84\">+55 NM<\/td>\n<td valign=\"top\" width=\"60\"><\/td>\n<\/tr>\n<tr>\n<td valign=\"top\" width=\"120\"><\/td>\n<td valign=\"top\" width=\"144\"><\/td>\n<td valign=\"top\" width=\"108\"><\/td>\n<td valign=\"top\" width=\"132\"><\/td>\n<td valign=\"top\" width=\"84\"><\/td>\n<td valign=\"top\" width=\"60\"><\/td>\n<\/tr>\n<tr>\n<td valign=\"top\" width=\"120\">TDI 2,8<\/td>\n<td valign=\"top\" width=\"144\">125 PS \/ 92 KW<\/td>\n<td valign=\"top\" width=\"108\">290 NM<\/td>\n<td valign=\"top\" width=\"132\">160 PS \/ 118 KW<\/td>\n<td valign=\"top\" width=\"84\">+70 NM<\/td>\n<td valign=\"top\" width=\"60\"><\/td>\n<\/tr>\n<tr>\n<td valign=\"top\" width=\"120\">TDI 2,8<\/td>\n<td valign=\"top\" width=\"144\">146 PS \/ 107 KW<\/td>\n<td valign=\"top\" width=\"108\">320 NM<\/td>\n<td valign=\"top\" width=\"132\">176 PS \/ 129 KW<\/td>\n<td valign=\"top\" width=\"84\">+65 NM<\/td>\n<td valign=\"top\" width=\"60\"><\/td>\n<\/tr>\n<tr>\n<td valign=\"top\" width=\"120\">Unijet 96HPI<\/td>\n<td valign=\"top\" width=\"144\">96 PS \/ 70 KW<\/td>\n<td valign=\"top\" width=\"108\">240 NM<\/td>\n<td valign=\"top\" width=\"132\">130 PS \/ 96 KW<\/td>\n<td valign=\"top\" width=\"84\">+70 NM<\/td>\n<td valign=\"top\" width=\"60\"><\/td>\n<\/tr>\n<tr>\n<td valign=\"top\" width=\"120\">Unijet 116HPI<\/td>\n<td valign=\"top\" width=\"144\">116 PS \/ 85 KW<\/td>\n<td valign=\"top\" width=\"108\">270 NM<\/td>\n<td valign=\"top\" width=\"132\">140 PS \/ 103 KW<\/td>\n<td valign=\"top\" width=\"84\">+65 NM<\/td>\n<td valign=\"top\" width=\"60\"><\/td>\n<\/tr>\n<tr>\n<td valign=\"top\" width=\"120\">Unijet<\/td>\n<td valign=\"top\" width=\"144\">125 PS \/ 92 KW<\/td>\n<td valign=\"top\" width=\"108\">290 NM<\/td>\n<td valign=\"top\" width=\"132\">160 PS \/ 118 KW<\/td>\n<td valign=\"top\" width=\"84\">+70 NM<\/td>\n<td valign=\"top\" width=\"60\"><\/td>\n<\/tr>\n<tr>\n<td valign=\"top\" width=\"120\">Unijet 136HPI<\/td>\n<td valign=\"top\" width=\"144\">136 PS \/100 KW<\/td>\n<td valign=\"top\" width=\"108\">340 NM<\/td>\n<td valign=\"top\" width=\"132\">166 PS \/ 122 KW<\/td>\n<td valign=\"top\" width=\"84\">+65 NM<\/td>\n<td valign=\"top\" width=\"60\"><\/td>\n<\/tr>\n<tr>\n<td valign=\"top\" width=\"120\">Unijet 146HPT<\/td>\n<td valign=\"top\" width=\"144\">146 PS \/ 107 KW<\/td>\n<td valign=\"top\" width=\"108\">320 NM<\/td>\n<td valign=\"top\" width=\"132\">176 PS \/ 129 KW<\/td>\n<td valign=\"top\" width=\"84\">+70 NM<\/td>\n<td valign=\"top\" width=\"60\"><\/td>\n<\/tr>\n<tr>\n<td valign=\"top\" width=\"120\">Unijet 166HPT<\/td>\n<td valign=\"top\" width=\"144\">166 PS \/ 122 KW<\/td>\n<td valign=\"top\" width=\"108\">380 NM<\/td>\n<td valign=\"top\" width=\"132\">210 PS \/ 154 KW<\/td>\n<td valign=\"top\" width=\"84\">+65 NM<\/td>\n<td valign=\"top\" width=\"60\"><\/td>\n<\/tr>\n<\/tbody>\n<\/table>\n","protected":false},"excerpt":{"rendered":"<p>Motor Yaz\u0131l\u0131m \u00d6ncesi Tork NM Yaz\u0131l\u0131m Sonras\u0131 Tork+ NM Fiyat Daily 2.3 HPI 96 PS \/ 70 KW 240 NM 130 PS \/ 96 KW +70 NM 2.3 HPI 116 PS \/ 85 KW 270 NM 140 PS \/ 103 KW +65 NM 2.3 HPT 136 PS \/100 KW 320 NM 166 PS \/ 122 [&hellip;]<\/p>\n","protected":false},"author":1,"featured_media":0,"parent":0,"menu_order":0,"comment_status":"open","ping_status":"open","template":"","meta":[],"_links":{"self":[{"href":"http:\/\/www.ottochips.com\/index.php?rest_route=\/wp\/v2\/pages\/437"}],"collection":[{"href":"http:\/\/www.ottochips.com\/index.php?rest_route=\/wp\/v2\/pages"}],"about":[{"href":"http:\/\/www.ottochips.com\/index.php?rest_route=\/wp\/v2\/types\/page"}],"author":[{"embeddable":true,"href":"http:\/\/www.ottochips.com\/index.php?rest_route=\/wp\/v2\/users\/1"}],"replies":[{"embeddable":true,"href":"http:\/\/www.ottochips.com\/index.php?rest_route=%2Fwp%2Fv2%2Fcomments&post=437"}],"version-history":[{"count":3,"href":"http:\/\/www.ottochips.com\/index.php?rest_route=\/wp\/v2\/pages\/437\/revisions"}],"predecessor-version":[{"id":579,"href":"http:\/\/www.ottochips.com\/index.php?rest_route=\/wp\/v2\/pages\/437\/revisions\/579"}],"wp:attachment":[{"href":"http:\/\/www.ottochips.com\/index.php?rest_route=%2Fwp%2Fv2%2Fmedia&parent=437"}],"curies":[{"name":"wp","href":"https:\/\/api.w.org\/{rel}","templated":true}]}}